he prime factors of 179235647?
757, 236771
List the prime factors of 116718104.
2, 14589763
List the prime factors of 68742508.
2, 17185627
What are the prime factors of 5969307587?
5969307587
List the prime factors of 1035698296.
2, 179, 787, 919
What are the prime factors of 576763793?
576763793
List the prime factors of 1374314367.
3, 458104789
What are the prime factors of 49986739?
11, 19, 239171
What are the prime factors of 28322662?
2, 2089, 6779
List the prime factors of 11662259.
7, 1666037
What are the prime factors of 1802323454?
2, 901161727
List the prime factors of 42352363.
509, 83207
List the prime factors of 11410459.
11410459
List the prime factors of 564594092.
2, 139, 541, 1877
What are the prime factors of 88491118?
2, 44245559
List the prime factors of 62850358.
2, 31425179
What are the prime factors of 121199877?
3, 211, 63823
What are the prime factors of 56115044?
2, 14028761
What are the prime factors of 23315260?
2, 5, 701, 1663
List the prime factors of 175389932.
2, 53, 827311
List the prime factors of 612005460.
2, 3, 5, 11, 101, 9181
What are the prime factors of 8108102322?
2, 3, 150150043
List the prime factors of 106396779.
3, 509, 69677
List the prime factors of 10848179.
61, 177839
What are the prime factors of 144086906?
2, 29, 89, 103, 271
List the prime factors of 3181009687.
23, 138304769
List the prime factors of 646583133.
3, 7, 263, 117071
What are the prime factors of 218660973?
3, 72886991
What are the prime factors of 3177812?
2, 11, 72223
List the prime factors of 2281688536.
2, 31, 157, 58601
What are the prime factors of 61811273?
61811273
What are the prime factors of 5506822730?
2, 5, 397, 1387109
List the prime factors of 624982614.
2, 3, 37, 2815237
What are the prime factors of 6651463924?
2, 7, 237552283
What are the prime factors of 91230672?
2, 3, 13, 146203
What are the prime factors of 227002402?
2, 11, 10318291
List the prime factors of 446341817.
17, 26255401
What are the prime factors of 74353405?
5, 7, 467, 4549
What are the prime factors of 3131173109?
67, 46733927
List the prime factors of 4894051074.
2, 3, 11, 3947, 18787
List the prime factors of 456032785.
5, 13, 31, 227, 997
List the prime factors of 221869689.
3, 2141, 34543
What are the prime factors of 53886641?
19, 2836139
List the prime factors of 699286141.
699286141
What are the prime factors of 674817017?
7, 43, 2241917
What are the prime factors of 53300026?
2, 13, 593, 3457
List the prime factors of 134306532.
2, 3, 1243579
What are the prime factors of 138492350?
2, 5, 67, 41341
What are the prime factors of 246278088?
2, 3, 7, 109, 4483
What are the prime factors of 7649901?
3, 7, 31, 3917
List the prime factors of 1547717006.
2, 11, 70350773
What are the prime factors of 3133521930?
2, 3, 5, 7, 11, 1356503
What are the prime factors of 26891677?
26891677
List the prime factors of 219018096.
2, 3, 11, 37, 101
What are the prime factors of 342141646?
2, 7, 11, 2221699
List the prime factors of 24540424.
2, 3067553
What are the prime factors of 110402845?
5, 7, 17, 185551
List the prime factors of 596661486.
2, 3, 29, 3429089
What are the prime factors of 101728663?
17, 61, 263, 373
What are the prime factors of 73639791?
3, 1249, 6551
List the prime factors of 44096910.
2, 3, 5, 11, 13, 19, 541
List the prime factors of 3925254590.
2, 5, 109, 3601151
List the prime factors of 376935039.
3, 13, 119321
List the prime factors of 456048643.
37, 1523, 8093
List the prime factors of 44855201.
389, 115309
What are the prime factors of 163263903?
3, 11, 17, 19, 53
List the prime factors of 5661379316.
2, 131, 10804159
List the prime factors of 196364894.
2, 11, 53, 168409
What are the prime factors of 165672920?
2, 5, 7, 181, 467
What are the prime factors of 242847296?
2, 137, 27697
List the prime factors of 2041195000.
2, 5, 13, 31, 1013
List the prime factors of 3989020.
2, 5, 7, 28493
List the prime factors of 124670913.
3, 19, 29, 199, 379
What are the prime factors of 189820210?
2, 5, 18982021
List the prime factors of 178253963.
43, 103, 167, 241
List the prime factors of 5349961305.
3, 5, 13, 1016137
What are the prime factors of 1358999118?
2, 3, 277, 272563
List the prime factors of 3951721508.
2, 7, 37, 3814403
List the prime factors of 15319029.
3, 11, 464213
What are the prime factors of 11645864?
2, 79, 18427
List the prime factors of 493039554.
2, 3, 7, 97, 121021
List the prime factors of 1183419285.
3, 5, 37, 41, 131, 397
What are the prime factors of 6145728859?
3701, 1660559
List the prime factors of 139192418.
2, 31, 283, 7933
List the prime factors of 341378996.
2, 7, 139, 239, 367
List the prime factors of 2154640778.
2, 3701, 291089
What are the prime factors of 25414362?
2, 3, 19, 74311
List the prime factors of 172706766.
2, 3, 31, 659, 1409
List the prime factors of 6299629.
7, 43, 20929
What are the prime factors of 150415725?
3, 5, 137, 14639
List the prime factors of 4666352288.
2, 13, 862861
What are the prime factors of 3033412483?
3033412483
What are the prime factors of 5997328461?
3, 23971, 27799
What are the prime factors of 113394380?
2, 5, 11, 515429
What are the prime factors of 314856434?
2, 157428217
What are the prime factors of 222885778?
2, 23, 557, 8699
List the prime factors of 3467336252.
2, 17, 2411, 21149
List the prime factors of 25904970.
2, 3, 5, 7, 13, 3163
What are the prime factors of 271514061?
3, 7, 13, 331519
List the prime factors of 252547827.
3, 7, 12026087
List the prime factors of 5010998234.
2, 11, 17, 13398391
What are the prime factors of 111650814?
2, 3, 11, 51263
What are the prime factors of 2048715227?
13, 2437, 64667
List the prime factors of 16572285.
3, 5, 368273
List the prime factors of 49748629.
7, 7106947
List the prime factors of 88524645.
3, 5, 11, 536513
What are the prime factors of 1546644833?
197, 331, 23719
List the prime factors of 3331966874.
2, 2473, 673669
List the prime factors of 544656359.
13, 41896643
What are the prime factors of 471626699?
17, 27742747
List the prime factors of 4022616085.
5, 577, 1394321
What are the prime factors of 82274372?
2, 31, 41, 16183
What are the prime factors of 511727914?
2, 17, 839, 17939
What are the prime factors of 67987998?
2, 3, 13, 17, 211
List the prime factors of 11901897.
3, 7, 6997
What are the prime factors of 81966216?
2, 3, 41, 83299
List the prime factors of 41475406.
2, 7, 127, 23327
List the prime factors of 3015757.
3015757
What are the prime factors of 341925046?
2, 17, 10056619
List the prime factors of 52692407.
101, 521707
List the prime factors of 3318836650.
2, 5, 7109, 9337
List the prime factors of 4647445473.
3, 11, 97, 131, 11083
List the prime factors of 39138542.
2, 2647, 7393
List the prime factors of 71627432.
2, 8953429
List the prime factors of 431093034.
2, 3, 2659, 9007
List the prime factors of 93374490.
2, 3, 5, 11, 29, 887
What are the prime factors of 68330681?
68330681
List the prime factors of 4634250348.
2, 3, 7, 13, 4243819
What are the prime factors of 2057594311?
11197, 183763
List the prime factors of 81200096.
2, 2537503
List the prime factors of 922474612.
2, 101, 139, 16427
What are the prime factors of 2334219109?
89, 26227181
List the prime factors of 124828416.
2, 3, 17, 3187
What are the prime factors of 9805788?
2, 3, 272383
What are the prime factors of 55991078?
2, 11, 13, 137, 1429
List the prime factors of 995318664.
2, 3, 103, 167, 2411
List the prime factors of 139977625.
5, 1119821
List the prime factors of 3800558848.
2, 677, 21929
What are the prime factors of 972141747?
3, 324047249
List the prime factors of 2425224097.
17, 1627, 87683
List the prime factors of 114450747.
3, 1051, 36299
List the prime factors of 141246213.
3, 47082071
List the prime factors of 189778487.
461, 411667
List the prime factors of 33893565.
3, 5, 2259571
List the prime factors of 822224418.
2, 3, 227, 603689
List the prime factors of 486857945.
5, 7, 29, 31, 15473
What are the prime factors of 6258009?
3, 2086003
What are the prime factors of 75644705?
5, 337, 44893
What are the prime factors of 67144859?
797, 84247
What are the prime factors of 463772470?
2, 5, 7, 6625321
What are the prime factors of 131593849?
131593849
List the prime factors of 400441